{"id":3151,"date":"2024-09-02T14:21:32","date_gmt":"2024-09-02T12:21:32","guid":{"rendered":"https:\/\/leshorizonsdedouna.com\/?post_type=tribe_events&amp;p=3151"},"modified":"2024-09-02T14:21:32","modified_gmt":"2024-09-02T12:21:32","slug":"nantes-comment-developper-vos-capacites-intuitives-et-vos-sens-subtils-atelier-11","status":"publish","type":"tribe_events","link":"https:\/\/new.leshorizonsdedouna.com\/event\/nantes-comment-developper-vos-capacites-intuitives-et-vos-sens-subtils-atelier-11\/","title":{"rendered":"Nantes : Comment d\u00e9velopper vos capacit\u00e9s intuitives et vos sens subtils ? (Atelier 11)"},"content":{"rendered":"<p>PROGRAMME DES ATELIERS ANNUELS<\/p>\n<p>L\u2019intuition est un mode de connaissance, c&rsquo;est une facult\u00e9 de l&rsquo;esprit.<br \/>\nPour\u00a0<strong>Platon<\/strong>, l&rsquo;intuition est la saisie imm\u00e9diate de la v\u00e9rit\u00e9 de l&rsquo;id\u00e9e par l&rsquo;\u00e2me ind\u00e9pendamment du corps<br \/>\nPour\u00a0<strong>Descartes<\/strong>, l&rsquo;intuition est la connaissance imm\u00e9diate et certaine de la v\u00e9rit\u00e9 d&rsquo;une id\u00e9e par sa n\u00e9cessit\u00e9 intrins\u00e8que. \u00ab Il n\u2019y a pas d\u2019autres voies qui s\u2019offrent aux hommes, pour arriver \u00e0 une connaissance certaine de la v\u00e9rit\u00e9, que l\u2019intuition \u00e9vidente et la d\u00e9duction n\u00e9cessaire \u00bb.<br \/>\nPour\u00a0<strong>Spinoza<\/strong>, l\u2019intuition est l&rsquo;unique source de v\u00e9rit\u00e9 qui s&rsquo;oppose \u00e0 la connaissance par le langage ou l&rsquo;exp\u00e9rience corporelle.<br \/>\nD\u00e9velopper notre intuition nous rend plus libre et plus confiant.<\/p>\n<p><strong>DOUNA est m\u00e9dium depuis ses 3 ans et demi, \u00e2ge auquel elle a perdu son petit fr\u00e8re alors nourrisson et voyante depuis ses 7 ans, moment auquel elle a re\u00e7u son premier flash pr\u00e9monitoire&#8230; Gr\u00e2ce \u00e0 son exp\u00e9rience, elle a appris \u00e0 maitriser et \u00e0 g\u00e9rer ses facult\u00e9s. Elle vous propose, \u00e0 l&rsquo;aide de son accompagnement au cours de ces ateliers uniques et personnalis\u00e9s, de vous apprendre \u00e0 d\u00e9couvrir et d\u00e9velopper vos potentiels intuitifs et vos dons inn\u00e9s.<\/strong><\/p>\n<p>Si vous souhaitez d\u00e9velopper vos facult\u00e9s int\u00e9rieures, votre intuition ou simplement vous \u00ab ouvrir \u00bb \u00e0 vos diff\u00e9rentes capacit\u00e9s, ces ateliers vous sont alors destin\u00e9s !<\/p>\n<p style=\"text-align: center;\"><strong>\u00a0 \u00a0 \u00a0 \u00a0 \u00a0 \u00a0 \u00a0 <u>Les ateliers ont lieu le samedi matin de 10h \u00e0 13h\u00a0<\/u><\/strong><\/p>\n<p><strong>PREMI\u00c8RE\u00a0 SESSION: \u00ab Les protections \u00bb et \u00ab D\u00e9couverte de vos canaux de perception\u00bb<\/strong><\/p>\n<ul>\n<li>Samedi 14 septembre\u00a0<strong>Atelier 1 :<\/strong>\u00a0\u00ab\u00a0Les protections\u00a0\u00bb<\/li>\n<li>Samedi 5 octobre\u00a0<strong>Atelier 1 Bis :<\/strong>\u00a0\u00ab\u00a0Les protections\u00a0\u00bb<\/li>\n<li>Samedi 19 octobre<strong>\u00a0Atelier 2<\/strong>\u00a0: \u00ab\u00a0Canaux de perception\u00a0\u00bb<\/li>\n<li>Samedi 2 novembre\u00a0<strong>Atelier 3<\/strong>\u00a0: \u00ab\u00a0D\u00e9couverte des diff\u00e9rents supports existants\u00a0\u00bb<\/li>\n<\/ul>\n<p><strong>DEUXI\u00c8ME SESSION: L\u2019utilisation de diff\u00e9rents supports (Photos et jeux de cartes)<\/strong><\/p>\n<ul>\n<li>Samedi 30 novembre\u00a0<strong>Atelier 4<\/strong>\u00a0: \u00ab\u00a0Insertion du support photo\u00a0\u00bb<\/li>\n<li>Samedi 4 janvier\u00a0<strong>Atelier 5<\/strong>\u00a0: \u00ab\u00a0Insertion du support jeu de cartes\u00a0\u00bb<\/li>\n<li>Samedi 1 f\u00e9vrier<strong>\u00a0Atelier 6 :<\/strong>\u00a0\u00ab\u00a0Exercices pratiques sur des questions\u00a0\u00bb<\/li>\n<\/ul>\n<p><strong>TROISI\u00c8ME SESSION: Initiation \u00e0 la num\u00e9rologie, entra\u00eenements de vos capacit\u00e9s d\u00e9velopp\u00e9es, exercices sur autrui et exercices sur photos (d\u00e9funts et vivants)<\/strong><\/p>\n<ul>\n<li>Samedi 1 mars\u00a0<strong>Atelier 7<\/strong>\u00a0:\u00a0 \u00ab\u00a0Insertion du jeu de 54 cartes \u00ab\u00a0<\/li>\n<li>Samedi 29 mars\u00a0<strong>Atelier 8\u00a0<\/strong>:\u00a0\u00a0 \u00ab\u00a0Initiations \u00e0 la num\u00e9rologie\u00a0\u00bb<\/li>\n<li>Samedi 26 avril\u00a0<strong>Atelier 9\u00a0<\/strong>\u00a0: \u00ab\u00a0Connexion \u00e0 une personne d\u00e9funte\u00a0\u00bb<\/li>\n<li>Samedi\u00a0 31 mai\u00a0<strong>Atelier 10\u00a0<\/strong>:\u00a0 \u00ab\u00a0R\u00e9visions et entrainements\u00a0\u00bb<\/li>\n<li><strong>Samedi 21 juin<\/strong> <strong>Atelier 11<\/strong>\u00a0:\u00a0 dernier atelier, exercices pratiques sur des personnes, visant \u00e0 v\u00e9rifier les connaissances acquises.<\/li>\n<\/ul>\n<p>TARIF ET INFORMATIONS<\/p>\n<p><strong><u>TARIF:<\/u><\/strong><\/p>\n<p>Les ateliers sont au co\u00fbt de 75 \u20ac\/par mois, payables en 11 ch\u00e8ques de 75 \u20ac, soit un total de 825 \u20ac. Ce prix est \u00e9tudi\u00e9 afin de faciliter l&rsquo;acc\u00e8s \u00e0 ces ateliers. L&rsquo;engagement est annuel \u00e0 hauteur d\u2019un atelier par mois sur 11 mois. Le dernier atelier consiste \u00e0 v\u00e9rifier les connaissances acquises.<\/p>\n<p><strong>Chaque atelier est indispensable car il vous am\u00e8ne et vous pr\u00e9pare \u00e0 la prochaine \u00e9tape. En cas d&rsquo;absence exceptionnelle, des cours de rattrapage sont possibles et n\u00e9cessaires afin que l&rsquo;enseignement soit complet.\u00a0<\/strong><\/p>\n<p>Vous pourrez \u00e9galement rencontrer les \u00e9l\u00e8ves des ann\u00e9es pr\u00e9c\u00e9dentes<\/p>\n<p>Munissez-vous d\u2019un cahier, de stylos, d&rsquo;un pendule, d&rsquo;un jeu de 54 cartes et du livret qui vous sera remis. (Un choix de pendules et de cartes sont en vente au sein de la boutique Au Chaudron).<\/p>\n<p><strong>Cette formation demandant un engagement sinc\u00e8re et total, autant de la part du formateur que de vous-m\u00eame, vous pourrez choisir de vous inscrire pour la suite de l&rsquo;ann\u00e9e \u00e0 l&rsquo;issue de l&rsquo;Atelier n\u00b02.<\/strong><\/p>\n<p><strong>Attention, les inscriptions ne seront plus possible \u00e0 partir du 3e atelier, le groupe sera constitu\u00e9 et l&rsquo;aventure d\u00e9marrera !<\/strong><\/p>\n<p><strong>Au plaisir de vous y retrouver !<\/strong><\/p>\n<p><strong><u>LIEU DE LA FORMATION:<\/u><\/strong><\/p>\n<p>Boutique : Au Chaudron, 2 rue Jean-Jacques Rousseau 44000 Nantes.<\/p>\n<p>T\u00e9l. : 02 52 10 45 37 (informations et r\u00e9servations possibles)<\/p>\n<p><strong><u>INFORMATIONS ET R\u00c9SERVATIONS:<\/u><\/strong><\/p>\n<p>T\u00e9l.: Douna : 06 32 30 65 48<\/p>\n<p>Mail :\u00a0leshorizonsdedouna@gmail.com<\/p>\n","protected":false},"excerpt":{"rendered":"<p>PROGRAMME DES ATELIERS ANNUELS L\u2019intuition est un mode de connaissance, c&rsquo;est une facult\u00e9 de l&rsquo;esprit. Pour\u00a0Platon, l&rsquo;intuition est la saisie imm\u00e9diate de la v\u00e9rit\u00e9 de l&rsquo;id\u00e9e par l&rsquo;\u00e2me ind\u00e9pendamment du corps Pour\u00a0Descartes, l&rsquo;intuition est la connaissance imm\u00e9diate et certaine de la v\u00e9rit\u00e9 d&rsquo;une id\u00e9e par sa n\u00e9cessit\u00e9 intrins\u00e8que. \u00ab Il<\/p>\n","protected":false},"author":39,"featured_media":0,"template":"","meta":{"_tribe_events_status":"","_tribe_events_status_reason":"","footnotes":""},"tags":[],"tribe_events_cat":[],"class_list":["post-3151","tribe_events","type-tribe_events","status-publish","hentry"],"aioseo_notices":[],"_links":{"self":[{"href":"https:\/\/new.leshorizonsdedouna.com\/nov-apijson\/wp\/v2\/tribe_events\/3151","targetHints":{"allow":["GET"]}}],"collection":[{"href":"https:\/\/new.leshorizonsdedouna.com\/nov-apijson\/wp\/v2\/tribe_events"}],"about":[{"href":"https:\/\/new.leshorizonsdedouna.com\/nov-apijson\/wp\/v2\/types\/tribe_events"}],"author":[{"embeddable":true,"href":"https:\/\/new.leshorizonsdedouna.com\/nov-apijson\/wp\/v2\/users\/39"}],"version-history":[{"count":0,"href":"https:\/\/new.leshorizonsdedouna.com\/nov-apijson\/wp\/v2\/tribe_events\/3151\/revisions"}],"wp:attachment":[{"href":"https:\/\/new.leshorizonsdedouna.com\/nov-apijson\/wp\/v2\/media?parent=3151"}],"wp:term":[{"taxonomy":"post_tag","embeddable":true,"href":"https:\/\/new.leshorizonsdedouna.com\/nov-apijson\/wp\/v2\/tags?post=3151"},{"taxonomy":"tribe_events_cat","embeddable":true,"href":"https:\/\/new.leshorizonsdedouna.com\/nov-apijson\/wp\/v2\/tribe_events_cat?post=3151"}],"curies":[{"name":"wp","href":"https:\/\/api.w.org\/{rel}","templated":true}]}}

Nantes : Comment développer vos capacités intuitives et vos sens subtils ? (Atelier 11)

<p>PROGRAMME DES ATELIERS ANNUELS</p>
<p>L’intuition est un mode de connaissance, c&rsquo;est une faculté de l&rsquo;esprit.<br />
Pour <strong>Platon</strong>, l&rsquo;intuition est la saisie immédiate de la vérité de l&rsquo;idée par l&rsquo;âme indépendamment du corps<br />
Pour <strong>Descartes</strong>, l&rsquo;intuition est la connaissance immédiate et certaine de la vérité d&rsquo;une idée par sa nécessité intrinsèque. « Il n’y a pas d’autres voies qui s’offrent aux hommes, pour arriver à une connaissance certaine de la vérité, que l’intuition évidente et la déduction nécessaire ».<br />
Pour <strong>Spinoza</strong>, l’intuition est l&rsquo;unique source de vérité qui s&rsquo;oppose à la connaissance par le langage ou l&rsquo;expérience corporelle.<br />
Développer notre intuition nous rend plus libre et plus confiant.</p>
<p><strong>DOUNA est médium depuis ses 3 ans et demi, âge auquel elle a perdu son petit frère alors nourrisson et voyante depuis ses 7 ans, moment auquel elle a reçu son premier flash prémonitoire&#8230; Grâce à son expérience, elle a appris à maitriser et à gérer ses facultés. Elle vous propose, à l&rsquo;aide de son accompagnement au cours de ces ateliers uniques et personnalisés, de vous apprendre à découvrir et développer vos potentiels intuitifs et vos dons innés.</strong></p>
<p>Si vous souhaitez développer vos facultés intérieures, votre intuition ou simplement vous « ouvrir » à vos différentes capacités, ces ateliers vous sont alors destinés !</p>
<p style="text-align: center;"><strong>              <u>Les ateliers ont lieu le samedi matin de 10h à 13h </u></strong></p>
<p><strong>PREMIÈRE  SESSION: « Les protections » et « Découverte de vos canaux de perception»</strong></p>
<ul>
<li>Samedi 14 septembre <strong>Atelier 1 :</strong> « Les protections »</li>
<li>Samedi 5 octobre <strong>Atelier 1 Bis :</strong> « Les protections »</li>
<li>Samedi 19 octobre<strong> Atelier 2</strong> : « Canaux de perception »</li>
<li>Samedi 2 novembre <strong>Atelier 3</strong> : « Découverte des différents supports existants »</li>
</ul>
<p><strong>DEUXIÈME SESSION: L’utilisation de différents supports (Photos et jeux de cartes)</strong></p>
<ul>
<li>Samedi 30 novembre <strong>Atelier 4</strong> : « Insertion du support photo »</li>
<li>Samedi 4 janvier <strong>Atelier 5</strong> : « Insertion du support jeu de cartes »</li>
<li>Samedi 1 février<strong> Atelier 6 :</strong> « Exercices pratiques sur des questions »</li>
</ul>
<p><strong>TROISIÈME SESSION: Initiation à la numérologie, entraînements de vos capacités développées, exercices sur autrui et exercices sur photos (défunts et vivants)</strong></p>
<ul>
<li>Samedi 1 mars <strong>Atelier 7</strong> :  « Insertion du jeu de 54 cartes « </li>
<li>Samedi 29 mars <strong>Atelier 8 </strong>:   « Initiations à la numérologie »</li>
<li>Samedi 26 avril <strong>Atelier 9 </strong> : « Connexion à une personne défunte »</li>
<li>Samedi  31 mai <strong>Atelier 10 </strong>:  « Révisions et entrainements »</li>
<li><strong>Samedi 21 juin</strong> <strong>Atelier 11</strong> :  dernier atelier, exercices pratiques sur des personnes, visant à vérifier les connaissances acquises.</li>
</ul>
<p>TARIF ET INFORMATIONS</p>
<p><strong><u>TARIF:</u></strong></p>
<p>Les ateliers sont au coût de 75 €/par mois, payables en 11 chèques de 75 €, soit un total de 825 €. Ce prix est étudié afin de faciliter l&rsquo;accès à ces ateliers. L&rsquo;engagement est annuel à hauteur d’un atelier par mois sur 11 mois. Le dernier atelier consiste à vérifier les connaissances acquises.</p>
<p><strong>Chaque atelier est indispensable car il vous amène et vous prépare à la prochaine étape. En cas d&rsquo;absence exceptionnelle, des cours de rattrapage sont possibles et nécessaires afin que l&rsquo;enseignement soit complet. </strong></p>
<p>Vous pourrez également rencontrer les élèves des années précédentes</p>
<p>Munissez-vous d’un cahier, de stylos, d&rsquo;un pendule, d&rsquo;un jeu de 54 cartes et du livret qui vous sera remis. (Un choix de pendules et de cartes sont en vente au sein de la boutique Au Chaudron).</p>
<p><strong>Cette formation demandant un engagement sincère et total, autant de la part du formateur que de vous-même, vous pourrez choisir de vous inscrire pour la suite de l&rsquo;année à l&rsquo;issue de l&rsquo;Atelier n°2.</strong></p>
<p><strong>Attention, les inscriptions ne seront plus possible à partir du 3e atelier, le groupe sera constitué et l&rsquo;aventure démarrera !</strong></p>
<p><strong>Au plaisir de vous y retrouver !</strong></p>
<p><strong><u>LIEU DE LA FORMATION:</u></strong></p>
<p>Boutique : Au Chaudron, 2 rue Jean-Jacques Rousseau 44000 Nantes.</p>
<p>Tél. : 02 52 10 45 37 (informations et réservations possibles)</p>
<p><strong><u>INFORMATIONS ET RÉSERVATIONS:</u></strong></p>
<p>Tél.: Douna : 06 32 30 65 48</p>
<p>Mail : leshorizonsdedouna@gmail.com</p>

<p>PROGRAMME DES ATELIERS ANNUELS L’intuition est un mode de connaissance, c&rsquo;est une faculté de l&rsquo;esprit. Pour Platon, l&rsquo;intuition est la saisie immédiate de la vérité de l&rsquo;idée par l&rsquo;âme indépendamment du corps Pour Descartes, l&rsquo;intuition est la connaissance immédiate et certaine de la vérité d&rsquo;une idée par sa nécessité intrinsèque. « Il</p>
