{"id":3674,"date":"2025-05-13T11:27:13","date_gmt":"2025-05-13T09:27:13","guid":{"rendered":"https:\/\/leshorizonsdedouna.com\/?post_type=tribe_events&amp;p=3674"},"modified":"2025-05-13T11:27:13","modified_gmt":"2025-05-13T09:27:13","slug":"nice-stage-dune-journee-sur-les-protections-et-nettoyage-energetique","status":"publish","type":"tribe_events","link":"https:\/\/new.leshorizonsdedouna.com\/event\/nice-stage-dune-journee-sur-les-protections-et-nettoyage-energetique\/","title":{"rendered":"Nice : Stage d&rsquo;une journ\u00e9e sur LES PROTECTIONS ET NETTOYAGE ENERGETIQUE"},"content":{"rendered":"<p><span><strong>Stage d&rsquo;une journ\u00e9e sur LES PROTECTIONS ET NETTOYAGE ENERGETIQUE<\/strong><\/span><\/p>\n<p><span><strong>Lundi 16 Juin dans la librairie Osiris\u00a0 d<\/strong><\/span><span><strong>e 10h30 \u00e0 18h30 :<\/strong><\/span><\/p>\n<p><strong>B\u00e9n\u00e9ficiez d&rsquo;un accompagnement personnalis\u00e9 pour identifier votre Profil \u00c9nerg\u00e9tique et adapter les rituels \u00e0 vos besoins uniques.<\/strong><\/p>\n<p>Que vous soyez un particulier souhaitant am\u00e9liorer votre bien-\u00eatre au quotidien ou un professionnel du bien-\u00eatre cherchant \u00e0 enrichir vos outils et votre compr\u00e9hension des dynamiques \u00e9nerg\u00e9tiques, cette journ\u00e9e immersive vous permettra de d\u00e9couvrir votre<span>\u00a0<\/span><strong>Profil \u00c9nerg\u00e9tique unique,<\/strong><span>\u00a0<\/span>d&rsquo;apprendre des techniques concr\u00e8tes pour vous pr\u00e9munir des influences n\u00e9gatives et de savoir comment purifier efficacement votre espace et votre propre \u00e9nergie pour retrouver clart\u00e9, bien-\u00eatre et une pleine libert\u00e9 d&rsquo;\u00eatre.<\/p>\n<p><strong>Au cours de cette journ\u00e9e, vous allez :<\/strong><\/p>\n<ul>\n<li>D\u00e9crypter les diff\u00e9rentes \u00e9nergies qui vous entourent et comment elles vous affectent.<\/li>\n<li>R\u00e9v\u00e9ler votre sensibilit\u00e9 \u00e9nerg\u00e9tique unique et comprendre vos besoins sp\u00e9cifiques.<\/li>\n<li>Apprendre des m\u00e9thodes de nettoyage personnalis\u00e9es pour vous sentir l\u00e9ger et revitalis\u00e9.<\/li>\n<li>Obtenir des r\u00e9ponses concr\u00e8tes \u00e0 vos questions et des outils adapt\u00e9s \u00e0 votre situation.<strong>\u00a0<\/strong><\/li>\n<\/ul>\n<p><span><strong>Places limit\u00e9es.<\/strong><\/span><br \/>\n<span>Tarif : 110 \u20ac \/ la journ\u00e9e<\/span><\/p>\n<p><span><u>Lieu :<\/u>\u00a0Librairie Osiris, 8 rue de Paris 06000 Nice<\/span><\/p>\n<p><span><u>R\u00e9servations et informations\u00a0<\/u>06.32.30.65.48 ou 04 93 80 15 30<\/span><\/p>\n<p>&nbsp;<\/p>\n<p>&nbsp;<\/p>\n","protected":false},"excerpt":{"rendered":"<p>Stage d&rsquo;une journ\u00e9e sur LES PROTECTIONS ET NETTOYAGE ENERGETIQUE Lundi 16 Juin dans la librairie Osiris\u00a0 de 10h30 \u00e0 18h30 : B\u00e9n\u00e9ficiez d&rsquo;un accompagnement personnalis\u00e9 pour identifier votre Profil \u00c9nerg\u00e9tique et adapter les rituels \u00e0 vos besoins uniques. Que vous soyez un particulier souhaitant am\u00e9liorer votre bien-\u00eatre au quotidien ou<\/p>\n","protected":false},"author":39,"featured_media":3594,"template":"","meta":{"_tribe_events_status":"","_tribe_events_status_reason":"","footnotes":""},"tags":[],"tribe_events_cat":[],"class_list":["post-3674","tribe_events","type-tribe_events","status-publish","has-post-thumbnail","hentry"],"aioseo_notices":[],"_links":{"self":[{"href":"https:\/\/new.leshorizonsdedouna.com\/nov-apijson\/wp\/v2\/tribe_events\/3674","targetHints":{"allow":["GET"]}}],"collection":[{"href":"https:\/\/new.leshorizonsdedouna.com\/nov-apijson\/wp\/v2\/tribe_events"}],"about":[{"href":"https:\/\/new.leshorizonsdedouna.com\/nov-apijson\/wp\/v2\/types\/tribe_events"}],"author":[{"embeddable":true,"href":"https:\/\/new.leshorizonsdedouna.com\/nov-apijson\/wp\/v2\/users\/39"}],"version-history":[{"count":0,"href":"https:\/\/new.leshorizonsdedouna.com\/nov-apijson\/wp\/v2\/tribe_events\/3674\/revisions"}],"wp:featuredmedia":[{"embeddable":true,"href":"https:\/\/new.leshorizonsdedouna.com\/nov-apijson\/"}],"wp:attachment":[{"href":"https:\/\/new.leshorizonsdedouna.com\/nov-apijson\/wp\/v2\/media?parent=3674"}],"wp:term":[{"taxonomy":"post_tag","embeddable":true,"href":"https:\/\/new.leshorizonsdedouna.com\/nov-apijson\/wp\/v2\/tags?post=3674"},{"taxonomy":"tribe_events_cat","embeddable":true,"href":"https:\/\/new.leshorizonsdedouna.com\/nov-apijson\/wp\/v2\/tribe_events_cat?post=3674"}],"curies":[{"name":"wp","href":"https:\/\/api.w.org\/{rel}","templated":true}]}}

Nice : Stage d&rsquo;une journée sur LES PROTECTIONS ET NETTOYAGE ENERGETIQUE

<p><span><strong>Stage d&rsquo;une journée sur LES PROTECTIONS ET NETTOYAGE ENERGETIQUE</strong></span></p>
<p><span><strong>Lundi 16 Juin dans la librairie Osiris  d</strong></span><span><strong>e 10h30 à 18h30 :</strong></span></p>
<p><strong>Bénéficiez d&rsquo;un accompagnement personnalisé pour identifier votre Profil Énergétique et adapter les rituels à vos besoins uniques.</strong></p>
<p>Que vous soyez un particulier souhaitant améliorer votre bien-être au quotidien ou un professionnel du bien-être cherchant à enrichir vos outils et votre compréhension des dynamiques énergétiques, cette journée immersive vous permettra de découvrir votre<span> </span><strong>Profil Énergétique unique,</strong><span> </span>d&rsquo;apprendre des techniques concrètes pour vous prémunir des influences négatives et de savoir comment purifier efficacement votre espace et votre propre énergie pour retrouver clarté, bien-être et une pleine liberté d&rsquo;être.</p>
<p><strong>Au cours de cette journée, vous allez :</strong></p>
<ul>
<li>Décrypter les différentes énergies qui vous entourent et comment elles vous affectent.</li>
<li>Révéler votre sensibilité énergétique unique et comprendre vos besoins spécifiques.</li>
<li>Apprendre des méthodes de nettoyage personnalisées pour vous sentir léger et revitalisé.</li>
<li>Obtenir des réponses concrètes à vos questions et des outils adaptés à votre situation.<strong> </strong></li>
</ul>
<p><span><strong>Places limitées.</strong></span><br />
<span>Tarif : 110 € / la journée</span></p>
<p><span><u>Lieu :</u> Librairie Osiris, 8 rue de Paris 06000 Nice</span></p>
<p><span><u>Réservations et informations </u>06.32.30.65.48 ou 04 93 80 15 30</span></p>
<p>&nbsp;</p>
<p>&nbsp;</p>

<p>Stage d&rsquo;une journée sur LES PROTECTIONS ET NETTOYAGE ENERGETIQUE Lundi 16 Juin dans la librairie Osiris  de 10h30 à 18h30 : Bénéficiez d&rsquo;un accompagnement personnalisé pour identifier votre Profil Énergétique et adapter les rituels à vos besoins uniques. Que vous soyez un particulier souhaitant améliorer votre bien-être au quotidien ou</p>
