{"id":3705,"date":"2025-06-21T13:52:35","date_gmt":"2025-06-21T11:52:35","guid":{"rendered":"https:\/\/leshorizonsdedouna.com\/?post_type=tribe_events&amp;p=3705"},"modified":"2025-06-21T13:52:35","modified_gmt":"2025-06-21T11:52:35","slug":"auray-26-et-27-juin-consultations-privees-a-lespace-cristal-st-goustan-auray","status":"publish","type":"tribe_events","link":"https:\/\/new.leshorizonsdedouna.com\/event\/auray-26-et-27-juin-consultations-privees-a-lespace-cristal-st-goustan-auray\/","title":{"rendered":"Auray : 26 et 27 juin consultations priv\u00e9es \u00e0 l&rsquo;Espace Cristal (St Goustan Auray)"},"content":{"rendered":"<p><span><i><strong>Consultations individuelles (sur RDV)\u00a0<\/strong><\/i><\/span><span><i><strong><\/strong><\/i><\/span><\/p>\n<p><span><strong>Jeudi 26 et vendredi 27 juin de 10h \u00e0 18h Consultations au choix : voyance, m\u00e9diumnit\u00e9\u00a0 <\/strong><\/span><span><strong>ou sur vos vies ant\u00e9rieures<\/strong><\/span><\/p>\n<p><strong>Au choix :\u00a0<\/strong><\/p>\n<ul>\n<li><strong>Voyance :<\/strong><span>\u00a0<\/span>Explorez votre chemin de vie actuel et futur avec clart\u00e9 et les conseils de vos guides (dates de naissance de vos proches recommand\u00e9es).<\/li>\n<li><strong>M\u00e9diumnit\u00e9 :<\/strong><span>\u00a0<\/span>Connectez-vous avec vos \u00eatres chers disparus (apportez des photos, contact non garanti) en exprimant votre intention.<\/li>\n<li><strong>Vies Ant\u00e9rieures :<\/strong><span>\u00a0<\/span>Voyagez \u00e0 travers vos incarnations pass\u00e9es pour comprendre vos sch\u00e9mas et lib\u00e9rer votre potentiel.<\/li>\n<\/ul>\n<p><strong><u>Tarif<span>\u00a0<\/span><\/u>:<span>\u00a0<\/span><\/strong>90\u20ac pour 1 heure ou 55\u20ac la demi-heure pour 1 domaine (amour, travail, sant\u00e9\u2026)<br \/>\n<strong><u>Lieu<span>\u00a0<\/span><\/u>:<span>\u00a0<\/span><\/strong>Espace Cristal 14 Rue du Ch\u00e2teau 56400 Auray<br \/>\n<strong><u>R\u00e9servations et informations<\/u><\/strong><span>\u00a0<\/span>: 02.97.31.12.01<\/p>\n","protected":false},"excerpt":{"rendered":"<p>Consultations individuelles (sur RDV)\u00a0 Jeudi 26 et vendredi 27 juin de 10h \u00e0 18h Consultations au choix : voyance, m\u00e9diumnit\u00e9\u00a0 ou sur vos vies ant\u00e9rieures Au choix :\u00a0 Voyance :\u00a0Explorez votre chemin de vie actuel et futur avec clart\u00e9 et les conseils de vos guides (dates de naissance de vos<\/p>\n","protected":false},"author":39,"featured_media":3441,"template":"","meta":{"_tribe_events_status":"","_tribe_events_status_reason":"","footnotes":""},"tags":[],"tribe_events_cat":[],"class_list":["post-3705","tribe_events","type-tribe_events","status-publish","has-post-thumbnail","hentry"],"aioseo_notices":[],"_links":{"self":[{"href":"https:\/\/new.leshorizonsdedouna.com\/nov-apijson\/wp\/v2\/tribe_events\/3705","targetHints":{"allow":["GET"]}}],"collection":[{"href":"https:\/\/new.leshorizonsdedouna.com\/nov-apijson\/wp\/v2\/tribe_events"}],"about":[{"href":"https:\/\/new.leshorizonsdedouna.com\/nov-apijson\/wp\/v2\/types\/tribe_events"}],"author":[{"embeddable":true,"href":"https:\/\/new.leshorizonsdedouna.com\/nov-apijson\/wp\/v2\/users\/39"}],"version-history":[{"count":0,"href":"https:\/\/new.leshorizonsdedouna.com\/nov-apijson\/wp\/v2\/tribe_events\/3705\/revisions"}],"wp:featuredmedia":[{"embeddable":true,"href":"https:\/\/new.leshorizonsdedouna.com\/nov-apijson\/"}],"wp:attachment":[{"href":"https:\/\/new.leshorizonsdedouna.com\/nov-apijson\/wp\/v2\/media?parent=3705"}],"wp:term":[{"taxonomy":"post_tag","embeddable":true,"href":"https:\/\/new.leshorizonsdedouna.com\/nov-apijson\/wp\/v2\/tags?post=3705"},{"taxonomy":"tribe_events_cat","embeddable":true,"href":"https:\/\/new.leshorizonsdedouna.com\/nov-apijson\/wp\/v2\/tribe_events_cat?post=3705"}],"curies":[{"name":"wp","href":"https:\/\/api.w.org\/{rel}","templated":true}]}}

Auray : 26 et 27 juin consultations privées à l&rsquo;Espace Cristal (St Goustan Auray)

<p><span><i><strong>Consultations individuelles (sur RDV) </strong></i></span><span><i><strong></strong></i></span></p>
<p><span><strong>Jeudi 26 et vendredi 27 juin de 10h à 18h Consultations au choix : voyance, médiumnité  </strong></span><span><strong>ou sur vos vies antérieures</strong></span></p>
<p><strong>Au choix : </strong></p>
<ul>
<li><strong>Voyance :</strong><span> </span>Explorez votre chemin de vie actuel et futur avec clarté et les conseils de vos guides (dates de naissance de vos proches recommandées).</li>
<li><strong>Médiumnité :</strong><span> </span>Connectez-vous avec vos êtres chers disparus (apportez des photos, contact non garanti) en exprimant votre intention.</li>
<li><strong>Vies Antérieures :</strong><span> </span>Voyagez à travers vos incarnations passées pour comprendre vos schémas et libérer votre potentiel.</li>
</ul>
<p><strong><u>Tarif<span> </span></u>:<span> </span></strong>90€ pour 1 heure ou 55€ la demi-heure pour 1 domaine (amour, travail, santé…)<br />
<strong><u>Lieu<span> </span></u>:<span> </span></strong>Espace Cristal 14 Rue du Château 56400 Auray<br />
<strong><u>Réservations et informations</u></strong><span> </span>: 02.97.31.12.01</p>

<p>Consultations individuelles (sur RDV)  Jeudi 26 et vendredi 27 juin de 10h à 18h Consultations au choix : voyance, médiumnité  ou sur vos vies antérieures Au choix :  Voyance : Explorez votre chemin de vie actuel et futur avec clarté et les conseils de vos guides (dates de naissance de vos</p>
