{"id":3715,"date":"2025-06-21T14:04:58","date_gmt":"2025-06-21T12:04:58","guid":{"rendered":"https:\/\/leshorizonsdedouna.com\/?post_type=tribe_events&amp;p=3715"},"modified":"2025-06-21T14:04:58","modified_gmt":"2025-06-21T12:04:58","slug":"auray-samedi-28-juin-2025-de-10h-a-12h-lecture-dans-le-marc-de-cafe-a-lespace-cristal","status":"publish","type":"tribe_events","link":"https:\/\/new.leshorizonsdedouna.com\/event\/auray-samedi-28-juin-2025-de-10h-a-12h-lecture-dans-le-marc-de-cafe-a-lespace-cristal\/","title":{"rendered":"Auray : Samedi 28 juin 2025 de 10h \u00e0 12h Lecture dans le marc de caf\u00e9 \u00e0 l&rsquo;Espace Cristal"},"content":{"rendered":"<h4 class=\"default-heading2\">Samedi 28 juin 2025 de 10h \u00e0 12h<br \/>\nLecture du pr\u00e9sent et du futur dans le marc de caf\u00e9 (Consultation individuelle\u00a0sur RDV)<\/h4>\n<p>La lecture du marc de caf\u00e9 : un art ancien \u00e0 d\u00e9couvrir.<\/p>\n<p>Cette pratique de voyance repose sur l\u2019observation des traces laiss\u00e9es sur les parois de la tasse, une fois le caf\u00e9 bu.<\/p>\n<p>Les formes, impr\u00e9gn\u00e9es de l\u2019\u00e9nergie de la personne, deviennent un support de lecture permettant d\u2019apporter des \u00e9clairages sur des questionnements actuels, des choix \u00e0 faire ou des changements \u00e0 venir.<\/p>\n<p>Une approche sensible et accessible, pour celles et ceux qui souhaitent vivre une exp\u00e9rience de guidance \u00e0 la fois simple, directe\u2026 et parfois surprenante.<\/p>\n<p><strong>R\u00e9servez votre place<\/strong><\/p>\n<p><strong><u>Informations pratiques :<\/u><\/strong><\/p>\n<p><u>Tarif<span>\u00a0<\/span><\/u>: 25\u20ac (cr\u00e9neau de 15 minutes, se pr\u00e9senter 15 min avant)<\/p>\n<p><u>Lieu :<\/u>\u00a0Espace Cristal : 14 rue du ch\u00e2teau 56400 Auray<\/p>\n<p><u>R\u00e9servations et informations :\u00a0<\/u><br \/>\n<a href=\"https:\/\/www.google.com\/search?gs_ssp=eJzj4tVP1zc0zDPITi8pMMo2YLRSNagwsTAwTU0zSDRPNjVISTM3tjKoMDW0TDNMNU6xsDBIS0pLNPYSSixVSM5ILE0pys9TyEvMK0ktBgAZNBaN&amp;q=au+chaudron+nantes&amp;rlz=1C5CHFA_enFR771FR771&amp;oq=au+chau&amp;aqs=chrome.2.69i57j35i39i512i650j46i39i175i199i512i650j46i175i199i512i654j0i512j46i512j46i175i199i512i654j46i175i199i512j46i175i199i512i654j46i175i199i512.3767j0j7&amp;sourceid=chrome&amp;ie=UTF-8&amp;utm_source=brevo&amp;utm_campaign=Auray%20juin-juillet%202025&amp;utm_medium=email#\">02 97 \u00a031 12 01<\/a><\/p>\n<p><u>Email<\/u>:<span>\u00a0<\/span>leshorizonsdedouna@gmail.com<\/p>\n","protected":false},"excerpt":{"rendered":"<p>Samedi 28 juin 2025 de 10h \u00e0 12h Lecture du pr\u00e9sent et du futur dans le marc de caf\u00e9 (Consultation individuelle\u00a0sur RDV) La lecture du marc de caf\u00e9 : un art ancien \u00e0 d\u00e9couvrir. Cette pratique de voyance repose sur l\u2019observation des traces laiss\u00e9es sur les parois de la tasse,<\/p>\n","protected":false},"author":39,"featured_media":3473,"template":"","meta":{"_tribe_events_status":"","_tribe_events_status_reason":"","footnotes":""},"tags":[],"tribe_events_cat":[],"class_list":["post-3715","tribe_events","type-tribe_events","status-publish","has-post-thumbnail","hentry"],"aioseo_notices":[],"_links":{"self":[{"href":"https:\/\/new.leshorizonsdedouna.com\/nov-apijson\/wp\/v2\/tribe_events\/3715","targetHints":{"allow":["GET"]}}],"collection":[{"href":"https:\/\/new.leshorizonsdedouna.com\/nov-apijson\/wp\/v2\/tribe_events"}],"about":[{"href":"https:\/\/new.leshorizonsdedouna.com\/nov-apijson\/wp\/v2\/types\/tribe_events"}],"author":[{"embeddable":true,"href":"https:\/\/new.leshorizonsdedouna.com\/nov-apijson\/wp\/v2\/users\/39"}],"version-history":[{"count":0,"href":"https:\/\/new.leshorizonsdedouna.com\/nov-apijson\/wp\/v2\/tribe_events\/3715\/revisions"}],"wp:featuredmedia":[{"embeddable":true,"href":"https:\/\/new.leshorizonsdedouna.com\/nov-apijson\/"}],"wp:attachment":[{"href":"https:\/\/new.leshorizonsdedouna.com\/nov-apijson\/wp\/v2\/media?parent=3715"}],"wp:term":[{"taxonomy":"post_tag","embeddable":true,"href":"https:\/\/new.leshorizonsdedouna.com\/nov-apijson\/wp\/v2\/tags?post=3715"},{"taxonomy":"tribe_events_cat","embeddable":true,"href":"https:\/\/new.leshorizonsdedouna.com\/nov-apijson\/wp\/v2\/tribe_events_cat?post=3715"}],"curies":[{"name":"wp","href":"https:\/\/api.w.org\/{rel}","templated":true}]}}

Auray : Samedi 28 juin 2025 de 10h à 12h Lecture dans le marc de café à l&rsquo;Espace Cristal

<h4 class="default-heading2">Samedi 28 juin 2025 de 10h à 12h<br />
Lecture du présent et du futur dans le marc de café (Consultation individuelle sur RDV)</h4>
<p>La lecture du marc de café : un art ancien à découvrir.</p>
<p>Cette pratique de voyance repose sur l’observation des traces laissées sur les parois de la tasse, une fois le café bu.</p>
<p>Les formes, imprégnées de l’énergie de la personne, deviennent un support de lecture permettant d’apporter des éclairages sur des questionnements actuels, des choix à faire ou des changements à venir.</p>
<p>Une approche sensible et accessible, pour celles et ceux qui souhaitent vivre une expérience de guidance à la fois simple, directe… et parfois surprenante.</p>
<p><strong>Réservez votre place</strong></p>
<p><strong><u>Informations pratiques :</u></strong></p>
<p><u>Tarif<span> </span></u>: 25€ (créneau de 15 minutes, se présenter 15 min avant)</p>
<p><u>Lieu :</u> Espace Cristal : 14 rue du château 56400 Auray</p>
<p><u>Réservations et informations : </u><br />
<a href="https://www.google.com/search?gs_ssp=eJzj4tVP1zc0zDPITi8pMMo2YLRSNagwsTAwTU0zSDRPNjVISTM3tjKoMDW0TDNMNU6xsDBIS0pLNPYSSixVSM5ILE0pys9TyEvMK0ktBgAZNBaN&amp;q=au+chaudron+nantes&amp;rlz=1C5CHFA_enFR771FR771&amp;oq=au+chau&amp;aqs=chrome.2.69i57j35i39i512i650j46i39i175i199i512i650j46i175i199i512i654j0i512j46i512j46i175i199i512i654j46i175i199i512j46i175i199i512i654j46i175i199i512.3767j0j7&amp;sourceid=chrome&amp;ie=UTF-8&amp;utm_source=brevo&amp;utm_campaign=Auray%20juin-juillet%202025&amp;utm_medium=email#">02 97  31 12 01</a></p>
<p><u>Email</u>:<span> </span>leshorizonsdedouna@gmail.com</p>

<p>Samedi 28 juin 2025 de 10h à 12h Lecture du présent et du futur dans le marc de café (Consultation individuelle sur RDV) La lecture du marc de café : un art ancien à découvrir. Cette pratique de voyance repose sur l’observation des traces laissées sur les parois de la tasse,</p>
