{"id":3862,"date":"2025-09-21T09:59:19","date_gmt":"2025-09-21T07:59:19","guid":{"rendered":"https:\/\/leshorizonsdedouna.com\/?post_type=tribe_events&amp;p=3862"},"modified":"2025-09-21T09:59:19","modified_gmt":"2025-09-21T07:59:19","slug":"la-chapelle-s-erdre-projection-debat-a-20h","status":"publish","type":"tribe_events","link":"https:\/\/new.leshorizonsdedouna.com\/event\/la-chapelle-s-erdre-projection-debat-a-20h\/","title":{"rendered":"La Chapelle s\/Erdre : Projection &#038; D\u00e9bat \u00e0 20h"},"content":{"rendered":"<p>Participation avec la r\u00e9alisatrice Val\u00e9rie Seguin \u00e0 l&rsquo;occasion de la projection de son dernier film de \u00ab\u00a0L&rsquo;\u00c2ME 2: L&rsquo;AU-DELA ET L&rsquo;INVISIBLE\u00a0\u00bb. La projection sera suivie d&rsquo;un d\u00e9bat et voyance en direct en sa compagnie.<\/p>\n<p><strong>Lieu <\/strong>: Cin\u00e9ma Grand Ecran\u00a020 avenue des Perri\u00e8res , 44240 La Chapelle sur Erdre<\/p>\n","protected":false},"excerpt":{"rendered":"<p>Participation avec la r\u00e9alisatrice Val\u00e9rie Seguin \u00e0 l&rsquo;occasion de la projection de son dernier film de \u00ab\u00a0L&rsquo;\u00c2ME 2: L&rsquo;AU-DELA ET L&rsquo;INVISIBLE\u00a0\u00bb. La projection sera suivie d&rsquo;un d\u00e9bat et voyance en direct en sa compagnie. Lieu : Cin\u00e9ma Grand Ecran\u00a020 avenue des Perri\u00e8res , 44240 La Chapelle sur Erdre<\/p>\n","protected":false},"author":39,"featured_media":3863,"template":"","meta":{"_tribe_events_status":"","_tribe_events_status_reason":"","footnotes":""},"tags":[],"tribe_events_cat":[],"class_list":["post-3862","tribe_events","type-tribe_events","status-publish","has-post-thumbnail","hentry"],"aioseo_notices":[],"_links":{"self":[{"href":"https:\/\/new.leshorizonsdedouna.com\/nov-apijson\/wp\/v2\/tribe_events\/3862","targetHints":{"allow":["GET"]}}],"collection":[{"href":"https:\/\/new.leshorizonsdedouna.com\/nov-apijson\/wp\/v2\/tribe_events"}],"about":[{"href":"https:\/\/new.leshorizonsdedouna.com\/nov-apijson\/wp\/v2\/types\/tribe_events"}],"author":[{"embeddable":true,"href":"https:\/\/new.leshorizonsdedouna.com\/nov-apijson\/wp\/v2\/users\/39"}],"version-history":[{"count":0,"href":"https:\/\/new.leshorizonsdedouna.com\/nov-apijson\/wp\/v2\/tribe_events\/3862\/revisions"}],"wp:featuredmedia":[{"embeddable":true,"href":"https:\/\/new.leshorizonsdedouna.com\/nov-apijson\/"}],"wp:attachment":[{"href":"https:\/\/new.leshorizonsdedouna.com\/nov-apijson\/wp\/v2\/media?parent=3862"}],"wp:term":[{"taxonomy":"post_tag","embeddable":true,"href":"https:\/\/new.leshorizonsdedouna.com\/nov-apijson\/wp\/v2\/tags?post=3862"},{"taxonomy":"tribe_events_cat","embeddable":true,"href":"https:\/\/new.leshorizonsdedouna.com\/nov-apijson\/wp\/v2\/tribe_events_cat?post=3862"}],"curies":[{"name":"wp","href":"https:\/\/api.w.org\/{rel}","templated":true}]}}

La Chapelle s/Erdre : Projection &#038; Débat à 20h

<p>Participation avec la réalisatrice Valérie Seguin à l&rsquo;occasion de la projection de son dernier film de « L&rsquo;ÂME 2: L&rsquo;AU-DELA ET L&rsquo;INVISIBLE ». La projection sera suivie d&rsquo;un débat et voyance en direct en sa compagnie.</p>
<p><strong>Lieu </strong>: Cinéma Grand Ecran 20 avenue des Perrières , 44240 La Chapelle sur Erdre</p>

<p>Participation avec la réalisatrice Valérie Seguin à l&rsquo;occasion de la projection de son dernier film de « L&rsquo;ÂME 2: L&rsquo;AU-DELA ET L&rsquo;INVISIBLE ». La projection sera suivie d&rsquo;un débat et voyance en direct en sa compagnie. Lieu : Cinéma Grand Ecran 20 avenue des Perrières , 44240 La Chapelle sur Erdre</p>
