{"id":3868,"date":"2025-09-21T10:22:04","date_gmt":"2025-09-21T08:22:04","guid":{"rendered":"https:\/\/leshorizonsdedouna.com\/?post_type=tribe_events&amp;p=3868"},"modified":"2025-09-21T10:22:04","modified_gmt":"2025-09-21T08:22:04","slug":"porto-vecchio-corse-seance-de-dedicace-libraire-la-clairiere-chez-biodelices","status":"publish","type":"tribe_events","link":"https:\/\/new.leshorizonsdedouna.com\/event\/porto-vecchio-corse-seance-de-dedicace-libraire-la-clairiere-chez-biodelices\/","title":{"rendered":"Porto-Vecchio (Corse) : S\u00e9ance de D\u00e9dicace Libraire la Clairi\u00e8re (chez Biod\u00e9lices)"},"content":{"rendered":"<p>S\u00e9ance de d\u00e9dicace \u00e0 partir de 11h<\/p>\n<p>Libraire la Clairi\u00e8re (chez Biod\u00e9lices)<\/p>\n<p><span>Lieu : Lieu dit cacao, Chemin d\u2019Agnarella <\/span><span>20137 Porto-Vecchio<\/span><\/p>\n","protected":false},"excerpt":{"rendered":"<p>S\u00e9ance de d\u00e9dicace \u00e0 partir de 11h Libraire la Clairi\u00e8re (chez Biod\u00e9lices) Lieu : Lieu dit cacao, Chemin d\u2019Agnarella 20137 Porto-Vecchio<\/p>\n","protected":false},"author":39,"featured_media":3869,"template":"","meta":{"_tribe_events_status":"","_tribe_events_status_reason":"","footnotes":""},"tags":[],"tribe_events_cat":[],"class_list":["post-3868","tribe_events","type-tribe_events","status-publish","has-post-thumbnail","hentry"],"aioseo_notices":[],"_links":{"self":[{"href":"https:\/\/new.leshorizonsdedouna.com\/nov-apijson\/wp\/v2\/tribe_events\/3868","targetHints":{"allow":["GET"]}}],"collection":[{"href":"https:\/\/new.leshorizonsdedouna.com\/nov-apijson\/wp\/v2\/tribe_events"}],"about":[{"href":"https:\/\/new.leshorizonsdedouna.com\/nov-apijson\/wp\/v2\/types\/tribe_events"}],"author":[{"embeddable":true,"href":"https:\/\/new.leshorizonsdedouna.com\/nov-apijson\/wp\/v2\/users\/39"}],"version-history":[{"count":0,"href":"https:\/\/new.leshorizonsdedouna.com\/nov-apijson\/wp\/v2\/tribe_events\/3868\/revisions"}],"wp:featuredmedia":[{"embeddable":true,"href":"https:\/\/new.leshorizonsdedouna.com\/nov-apijson\/"}],"wp:attachment":[{"href":"https:\/\/new.leshorizonsdedouna.com\/nov-apijson\/wp\/v2\/media?parent=3868"}],"wp:term":[{"taxonomy":"post_tag","embeddable":true,"href":"https:\/\/new.leshorizonsdedouna.com\/nov-apijson\/wp\/v2\/tags?post=3868"},{"taxonomy":"tribe_events_cat","embeddable":true,"href":"https:\/\/new.leshorizonsdedouna.com\/nov-apijson\/wp\/v2\/tribe_events_cat?post=3868"}],"curies":[{"name":"wp","href":"https:\/\/api.w.org\/{rel}","templated":true}]}}

Porto-Vecchio (Corse) : Séance de Dédicace Libraire la Clairière (chez Biodélices)

<p>Séance de dédicace à partir de 11h</p>
<p>Libraire la Clairière (chez Biodélices)</p>
<p><span>Lieu : Lieu dit cacao, Chemin d’Agnarella </span><span>20137 Porto-Vecchio</span></p>

<p>Séance de dédicace à partir de 11h Libraire la Clairière (chez Biodélices) Lieu : Lieu dit cacao, Chemin d’Agnarella 20137 Porto-Vecchio</p>
