{"id":3877,"date":"2025-09-21T10:41:25","date_gmt":"2025-09-21T08:41:25","guid":{"rendered":"https:\/\/leshorizonsdedouna.com\/?post_type=tribe_events&amp;p=3877"},"modified":"2025-09-21T10:41:25","modified_gmt":"2025-09-21T08:41:25","slug":"porto-vecchio-conference-en-direct-et-en-public-de-16h-a-17h30","status":"publish","type":"tribe_events","link":"https:\/\/new.leshorizonsdedouna.com\/event\/porto-vecchio-conference-en-direct-et-en-public-de-16h-a-17h30\/","title":{"rendered":"Porto-Vecchio : Conf\u00e9rence en direct et en public de 16h \u00e0 17h30"},"content":{"rendered":"<p><strong>Samedi 4 octobre 2025 <\/strong><strong>de 16h \u00e0 17h30<\/strong> pour une <strong>Conf\u00e9rence en public<\/strong> sur : \u00ab\u00a0Dons de voyance et de m\u00e9diumnit\u00e9 : un potentiel en chacun de nous ? \u00bb<br \/>\nCette conf\u00e9rence interactive suivie de questions\/r\u00e9ponses en voyance et connexions aux guides ou d\u00e9funts (conf\u00e9rence gratuite)<\/p>\n<p><strong>Libraire la Clairi\u00e8re (chez Biod\u00e9lices)<\/strong><\/p>\n<p><span>Lieu : Lieu dit cacao, Chemin d\u2019Agnarella\u00a0<\/span><span>20137 Porto-Vecchio<\/span><\/p>\n","protected":false},"excerpt":{"rendered":"<p>Samedi 4 octobre 2025 de 16h \u00e0 17h30 pour une Conf\u00e9rence en public sur : \u00ab\u00a0Dons de voyance et de m\u00e9diumnit\u00e9 : un potentiel en chacun de nous ? \u00bb Cette conf\u00e9rence interactive suivie de questions\/r\u00e9ponses en voyance et connexions aux guides ou d\u00e9funts (conf\u00e9rence gratuite) Libraire la Clairi\u00e8re (chez<\/p>\n","protected":false},"author":39,"featured_media":3879,"template":"","meta":{"_tribe_events_status":"","_tribe_events_status_reason":"","footnotes":""},"tags":[],"tribe_events_cat":[],"class_list":["post-3877","tribe_events","type-tribe_events","status-publish","has-post-thumbnail","hentry"],"aioseo_notices":[],"_links":{"self":[{"href":"https:\/\/new.leshorizonsdedouna.com\/nov-apijson\/wp\/v2\/tribe_events\/3877","targetHints":{"allow":["GET"]}}],"collection":[{"href":"https:\/\/new.leshorizonsdedouna.com\/nov-apijson\/wp\/v2\/tribe_events"}],"about":[{"href":"https:\/\/new.leshorizonsdedouna.com\/nov-apijson\/wp\/v2\/types\/tribe_events"}],"author":[{"embeddable":true,"href":"https:\/\/new.leshorizonsdedouna.com\/nov-apijson\/wp\/v2\/users\/39"}],"version-history":[{"count":0,"href":"https:\/\/new.leshorizonsdedouna.com\/nov-apijson\/wp\/v2\/tribe_events\/3877\/revisions"}],"wp:featuredmedia":[{"embeddable":true,"href":"https:\/\/new.leshorizonsdedouna.com\/nov-apijson\/"}],"wp:attachment":[{"href":"https:\/\/new.leshorizonsdedouna.com\/nov-apijson\/wp\/v2\/media?parent=3877"}],"wp:term":[{"taxonomy":"post_tag","embeddable":true,"href":"https:\/\/new.leshorizonsdedouna.com\/nov-apijson\/wp\/v2\/tags?post=3877"},{"taxonomy":"tribe_events_cat","embeddable":true,"href":"https:\/\/new.leshorizonsdedouna.com\/nov-apijson\/wp\/v2\/tribe_events_cat?post=3877"}],"curies":[{"name":"wp","href":"https:\/\/api.w.org\/{rel}","templated":true}]}}

Porto-Vecchio : Conférence en direct et en public de 16h à 17h30

<p><strong>Samedi 4 octobre 2025 </strong><strong>de 16h à 17h30</strong> pour une <strong>Conférence en public</strong> sur : « Dons de voyance et de médiumnité : un potentiel en chacun de nous ? »<br />
Cette conférence interactive suivie de questions/réponses en voyance et connexions aux guides ou défunts (conférence gratuite)</p>
<p><strong>Libraire la Clairière (chez Biodélices)</strong></p>
<p><span>Lieu : Lieu dit cacao, Chemin d’Agnarella </span><span>20137 Porto-Vecchio</span></p>

<p>Samedi 4 octobre 2025 de 16h à 17h30 pour une Conférence en public sur : « Dons de voyance et de médiumnité : un potentiel en chacun de nous ? » Cette conférence interactive suivie de questions/réponses en voyance et connexions aux guides ou défunts (conférence gratuite) Libraire la Clairière (chez</p>
